 k be o(p). Let c = k + 38. What is the tens digit of c?
5
Let v = 61 - 56. Suppose v*j - 115 = 380. What is the tens digit of j?
9
Suppose -21 = -2*x - 0*s + 5*s, s + 6 = x. Let l(y) = 3 + 6*y - y**x + 4*y**2 + y**2 - 4*y**2. What is the units digit of l(-3)?
1
Let u(f) = f**3 - 12*f**2 - 18*f - 22. Let m = -68 + 82. What is the hundreds digit of u(m)?
1
Let p(s) be the second derivative of -3*s + s**2 + 0 - 5/6*s**3. What is the units digit of p(-5)?
7
Suppose -5*x = -6*s + 3*s - 213, 0 = -5*s + x - 377. Let v = 270 + s. What is the tens digit of (-12)/(-16) + v/8?
2
Suppose -9216 = -92*p + 84*p. What is the units digit of p?
2
Let c = 109 + -58. Suppose 0 = -p - 5 - 11. Let y = c + p. What is the units digit of y?
5
Suppose -2*s - 6 = -2. Let m be (-14)/35*20/s. Let j(a) = a**3 - 4*a**2 + 3*a + 4. What is the tens digit of j(m)?
1
Let a = 26 - 23. Suppose -a*n = n - 168. What is the units digit of n?
2
What is the units digit of (21/7 - -4) + 69?
6
Suppose -5*z = -7*z. Suppose z = 4*o - o - 12. What is the units digit of 6/(-32)*-4*o?
3
Let g be -1 - (-1 + (-6)/3). Suppose -t + 2*p = g*t - 4, -4*t - p = -9. Suppose z + d - 5 = 0, t*z = 4*d + d + 31. What is the units digit of z?
8
Let k = 1117 - -1502. What is the thousands digit of k?
2
Suppose -2*h = -0*q - 5*q, -2*h = -2*q. Suppose q*m = 3*m - 291. What is the tens digit of m?
9
Suppose -3617*m + 4564 = -3610*m. What is the hundreds digit of m?
6
Suppose 3*h + 2*h - 844 = j, -h - 5*j = -148. Suppose 16*t - h = 1432. What is the tens digit of t?
0
Suppose -19125 = -10*x - 985. What is the hundreds digit of x?
8
What is the hundreds digit of 218/(5*12/150)?
5
Suppose 3825 + 2577 = 11*f. What is the tens digit of f?
8
Let g(m) = -m**3 + 14*m**2 - 10*m - 31. Let q be g(13). What is the tens digit of 142*-4*(-1)/q?
7
What is the tens digit of 223417/341 - (6/33)/1?
5
Let p = -49 + 53. Suppose -p*y + 73 = -5*i, 3*y - 3 = -4*i + 13. What is the tens digit of y?
1
Let n(r) = 3*r - 15. Let u be n(7). Let f(d) = -d**2 - d + 205. Let s be f(0). Suppose -u*q = -q - s. What is the units digit of q?
1
What is the tens digit of 8180/8 + (-9)/6?
2
Let m = -18 - -11. Suppose -4*o = 2 + 50. Let b = m - o. What is the units digit of b?
6
Let p be 5*7/((-105)/(-6)). Let j(w) = -3 - 623*w**p + 6 + 637*w**2. What is the tens digit of j(-2)?
5
Let f be (9/6)/((-2)/(-4)). What is the tens digit of 143/f + 2/6?
4
Suppose 5*w - 4*c = c - 600, w - 2*c = -124. Let r = w - -278. What is the tens digit of r?
6
Let l = 8 - -9. Suppose l*i + 84 = 21*i. What is the tens digit of i?
2
Let h = 3313 + -912. What is the thousands digit of h?
2
Let t = 537 + -321. Suppose -2*c - 5*h + 158 = 2*c, 3*h = 5*c - t. What is the units digit of c?
2
Let z(p) = -2*p + 22. Let s be z(11). Suppose s = -2*n + 98 + 52. What is the units digit of n?
5
Let h(w) = w**3 + 6*w**2 - 9*w - 9. Let f be h(-7). Suppose -g + 2*g = 4*z - 58, 5*z + f*g - 60 = 0. What is the tens digit of z?
1
Let g(n) = -76*n. What is the hundreds digit of g(-3)?
2
Suppose -4*u + 3*u = 5*g + 71, 0 = -2*u - g - 142. Suppose 2*i - 73 = -5*l + 554, -258 = -2*l + i. Let a = u + l. What is the tens digit of a?
5
Suppose 0 = 8*i + 9*i - 4012. What is the hundreds digit of i?
2
Let s be (-3 - -1) + (3 - -161 - -3). Let r = s + -18. What is the units digit of r?
7
Suppose 2*f - f - 297 = -2*p, 5 = -f. Let k(x) = 16*x + 3. Let o be k(5). Let u = p - o. What is the tens digit of u?
6
Let n(l) = 0 + 127*l - 2 - 7. What is the hundreds digit of n(1)?
1
Let c(s) = -56*s + 2. Let m be c(-13). Suppose 8*g - m = -2*g. What is the units digit of g?
3
Suppose -8 + 3 = -v. Suppose -5*w + 2*c = -497, -v*w - 4*c + 8*c + 499 = 0. What is the units digit of w?
9
Let o = 5 + -3. What is the units digit of 3/2 + 388/16*o?
0
Suppose 0 = 5*s + c - 6 - 8, -5*s + 10 = 5*c. Let a be (1 - 0/(-1)) + (57 - 58). Suppose s*p + 2*j - 51 = a, -4*j + j + 67 = 4*p. What is the units digit of p?
9
Let p = 470 + -320. Suppose 49 = r - 2*a, -3*r + a = -4*a - p. What is the units digit of r?
5
Suppose -53 - 297 = 5*f. Let q be (-4)/5*f/28. Suppose -7*s + q*s = -80. What is the units digit of s?
6
Let o(y) = -4*y**3 + 2*y**2 + 2*y + 11. What is the hundreds digit of o(-5)?
5
Let k(t) = -91*t - 13. What is the tens digit of k(-2)?
6
Let d(g) = -7*g**3 - 3*g**2 - 8*g + 7. What is the units digit of d(-4)?
9
Let r(z) = 2*z**2 - 4*z - 6. Let f(i) = -i**3 + 5*i**2 - i + 6. Let u be f(5). Suppose 2*m - 11 = -u. What is the units digit of r(m)?
4
Let p(w) = 5*w**2 + 3*w + 2. Let m be p(-1). Suppose -m*q + 45 + 19 = 0. Let n = 17 + q. What is the tens digit of n?
3
Let h(s) = -14*s - 13. Let f be -2 - -6 - (-2 - -12). Let j be h(f). Suppose 4*g + c = -0*c + 55, j = 5*g + 2*c. What is the units digit of g?
3
Suppose 3*q + 0*q - 5*l = 339, 2*l + 114 = q. What is the units digit of q?
8
Let n be 3/2*4/3. Suppose 2*f - 5*q = -q + 14, -f + n = -3*q. Let l = -4 + f. What is the tens digit of l?
1
Let m(b) = -b**2 + 6*b + 5. Let n(r) = r**2 - 8*r - 5. Let l(j) = -3*m(j) - 2*n(j). What is the units digit of l(4)?
3
Let l(t) = 2*t - 8. Let v be l(7). Let z(f) = f**2 - f. Let o be z(3). Suppose o*y - 3*y = v. What is the units digit of y?
2
Let o = 389 - 68. Suppose 5*l - 189 - o = 0. What is the units digit of l?
2
Suppose 5*h + 3*c - 125 = 166, -123 = -2*h + c. Suppose -4*q + 748 = -h. What is the tens digit of q?
0
Let z(b) = -b**3 + 14*b**2 + 6*b + 4. What is the units digit of z(-4)?
8
Let p(i) = 24*i - 7. What is the hundreds digit of p(22)?
5
Suppose -359590 = -105*z + 151130. What is the thousands digit of z?
4
Suppose p + 162 = 3*y, 3*y - 122 = -p + 40. Let b = y - 25. What is the units digit of b?
9
Suppose -5*n = 13*n - 7956. What is the hundreds digit of n?
4
Suppose 203 = -a + 5*n + 894, -4*a + 4*n = -2684. What is the tens digit of a?
6
Let t(p) = -16*p - 17. Let i(w) = -33*w - 33. Let m(c) = 2*i(c) - 5*t(c). What is the tens digit of m(5)?
8
What is the units digit of (-7396)/(-18) + 45/405?
1
Let r be (-8)/24 + (-16)/(-3). Suppose n + 5*f - 60 = 0, -r*f - 215 = 2*n - 6*n. What is the units digit of n?
5
Let x(z) = -2063*z + 26. What is the tens digit of x(-1)?
8
Suppose -31 + 1 = -5*f. Suppose -f*s + 95 = -271. What is the units digit of s?
1
What is the hundreds digit of -5*1/20 + (-47391)/(-12)?
9
Suppose -4*l - 2*v + 80 = 2*v, 52 = 3*l - 5*v. Let y = l + -11. Suppose y*b = 10*b - 72. What is the units digit of b?
6
Let g(n) = n**3 + 11*n**2 - 20*n + 6. Let y be g(-13). Let f = 137 + y. What is the tens digit of f?
6
Let b = 638 - 155. What is the hundreds digit of b?
4
Let f = 35 + -30. Suppose 0 = -2*b + f*b - 450. What is the hundreds digit of b?
1
Let z be 5*(-1 - (-3 - 0)). Let w(t) = -3 - 1 + z*t + 19 - 5*t. What is the units digit of w(8)?
5
Let z(d) = d**2 + 9*d + 4. Let q be z(-10). What is the tens digit of (-928)/80*(1 - q/4)?
2
What is the units digit of (7 - -1)/(3/303) + -1?
7
Let t = 170 - -759. What is the tens digit of t?
2
Let x(d) = -d**3 - 3*d**2 + 6*d + 15. Let t be -2*7/3*(-12)/(-8). What is the units digit of x(t)?
9
Let n(s) = 284*s + 109. What is the thousands digit of n(4)?
1
Let h be (-6 - 3) + 4 + 0. What is the tens digit of 9/45 + (-169)/h?
3
Suppose 3*s - 2*i = i + 1077, 0 = -5*i - 5. What is the tens digit of s?
5
What is the units digit of 1637/4 + 6/8?
0
Suppose -8 = 45*x - 41*x. What is the units digit of x/(-11) + (12635/77)/5?
3
Suppose b - 1226 = 8*s, b + 5*s = 440 + 721. What is the units digit of b?
6
Suppose -5*g + 6 = 5*q - 9, 4*g - 2*q - 12 = 0. Let h = g - 7. Let s = 14 + h. What is the units digit of s?
0
Let s = 52 + -31. Let a = 16 + -13. Let o = s - a. What is the units digit of o?
8
Let s(b) = 15*b**2 + 2*b + 1. Let j be -2 + (-3)/(-6)*2. What is the tens digit of s(j)?
1
Suppose -5*n + 2*n = -3*f - 2325, 5*n - 4*f - 3879 = 0. What is the hundreds digit of n?
7
Suppose 6*s = s + 165. Let k be (s/44)/((-2)/(-16)). Let l(y) = y**2 - 3*y - 5. What is the units digit of l(k)?
3
Suppose 0 = 61*a + 43635 - 335825. What is the hundreds digit of a?
7
Suppose 0*y = 3*y + 36. Suppose -237 = 8*b - 21. What is the units digit of (-1)/4 + b/y?
2
What is the tens digit of 38*(-3)/2*(-13)/39?
1
What is the hundreds digit of (-21)/27 + (-2)/9 - -635?
6
Let o be 9/5 + 6/30.